at is the hundred thousands digit of 238205?
2
What is the units digit of 431207?
7
What is the tens digit of 15080395?
9
What is the hundred thousands digit of 900593?
9
What is the ten thousands digit of 603053?
0
What is the hundreds digit of 2012114?
1
What is the units digit of 1035910?
0
What is the ten thousands digit of 10590263?
9
What is the hundred thousands digit of 7895987?
8
What is the tens digit of 853911?
1
What is the tens digit of 40025287?
8
What is the ten thousands digit of 1147632?
4
What is the ten thousands digit of 2684840?
8
What is the hundred thousands digit of 2253157?
2
What is the millions digit of 3697646?
3
What is the ten thousands digit of 2986252?
8
What is the units digit of 4119530?
0
What is the units digit of 9759026?
6
What is the ten thousands digit of 1311543?
1
What is the hundred thousands digit of 7977775?
9
What is the units digit of 197634?
4
What is the tens digit of 7135674?
7
What is the hundred thousands digit of 509099?
5
What is the hundreds digit of 1099131?
1
What is the ten thousands digit of 678976?
7
What is the ten millions digit of 11073870?
1
What is the units digit of 13714984?
4
What is the thousands digit of 2726263?
6
What is the units digit of 8277409?
9
What is the hundreds digit of 321137?
1
What is the thousands digit of 19430474?
0
What is the thousands digit of 1672123?
2
What is the hundreds digit of 42164?
1
What is the thousands digit of 6914572?
4
What is the tens digit of 14541106?
0
What is the tens digit of 16235209?
0
What is the thousands digit of 49837?
9
What is the ten thousands digit of 259703?
5
What is the ten thousands digit of 258198?
5
What is the units digit of 709080?
0
What is the units digit of 1506865?
5
What is the hundreds digit of 821756?
7
What is the hundred thousands digit of 709958?
7
What is the thousands digit of 39779?
9
What is the units digit of 372036?
6
What is the units digit of 182807?
7
What is the hundreds digit of 3164890?
8
What is the thousands digit of 22303047?
3
What is the units digit of 650248?
8
What is the millions digit of 9931821?
9
What is the hundred thousands digit of 2648086?
6
What is the hundred thousands digit of 920260?
9
What is the tens digit of 43278?
7
What is the hundreds digit of 1951275?
2
What is the hundreds digit of 532483?
4
What is the tens digit of 202108?
0
What is the units digit of 28058?
8
What is the hundreds digit of 4403993?
9
What is the units digit of 1270401?
1
What is the hundreds digit of 530044?
0
What is the tens digit of 298181?
8
What is the hundred thousands digit of 9103820?
1
What is the tens digit of 15043532?
3
What is the tens digit of 9642408?
0
What is the hundreds digit of 508960?
9
What is the thousands digit of 95257?
5
What is the ten thousands digit of 137870?
3
What is the thousands digit of 299734?
9
What is the thousands digit of 5416162?
6
What is the tens digit of 58122?
2
What is the tens digit of 462177?
7
What is the hundred thousands digit of 1289067?
2
What is the hundreds digit of 341016?
0
What is the thousands digit of 16875235?
5
What is the hundreds digit of 1477706?
7
What is the millions digit of 1100505?
1
What is the hundreds digit of 22103999?
9
What is the tens digit of 285189?
8
What is the units digit of 6216282?
2
What is the millions digit of 4468889?
4
What is the units digit of 3415684?
4
What is the hundred thousands digit of 377536?
3
What is the tens digit of 20482697?
9
What is the hundreds digit of 4695872?
8
What is the hundred thousands digit of 975608?
9
What is the thousands digit of 9931293?
1
What is the units digit of 1277725?
5
What is the hundred thousands digit of 21249190?
2
What is the hundred thousands digit of 6252336?
2
What is the hundreds digit of 99305?
3
What is the thousands digit of 282122?
2
What is the millions digit of 3012780?
3
What is the hundred thousands digit of 6110826?
1
What is the thousands digit of 2342745?
2
What is the tens digit of 755727?
2
What is the tens digit of 499268?
6
What is the millions digit of 1547662?
1
What is the ten thousands digit of 5830896?
3
What is the tens digit of 19477?
7
What is the ten thousands digit of 853360?
5
What is the thousands digit of 477853?
7
What is the ten thousands digit of 11405519?
0
What is the hundred thousands digit of 123555?
1
What is the thousands digit of 21628?
1
What is the thousands digit of 9711854?
1
What is the tens digit of 513972?
7
What is the tens digit of 3681916?
1
What is the thousands digit of 3800822?
0
What is the hundred thousands digit of 2416456?
4
What is the units digit of 11318571?
1
What is the ten thousands digit of 600112?
0
What is the tens digit of 407877?
7
What is the hundred thousands digit of 354510?
3
What is the hundred thousands digit of 586799?
5
What is the thousands digit of 4323835?
3
What is the hundred thousands digit of 1451093?
4
What is the tens digit of 44197?
9
What is the tens digit of 5704921?
2
What is the ten thousands digit of 2012095?
1
What is the hundred thousands digit of 1374400?
3
What is the hundred thousands digit of 254734?
2
What is the hundreds digit of 6020505?
5
What is the tens digit of 1371041?
4
What is the millions digit of 2760057?
2
What is the thousands digit of 25592715?
2
What is the hundred thousands digit of 649145?
6
What is the hundreds digit of 335713?
7
What is the tens digit of 641642?
4
What is the tens digit of 5361475?
7
What is the thousands digit of 153671?
3
What is the thousands digit of 992117?
2
What is the tens digit of 165687?
8
What is the millions digit of 2648669?
2
What is the hundreds digit of 172191?
1
What is the hundred thousands digit of 11583225?
5
What is the units digit of 192877?
7
What is the hundred thousands digit of 2365111?
3
What is the hundred thousands digit of 461928?
4
What is the ten thousands digit of 827906?
2
What is the thousands digit of 9051?
9
What is the thousands digit of 235045?
5
What is the ten thousands digit of 444002?
4
What is the thousands digit of 3238065?
8
What is the hundred thousands digit of 642689?
6
What is the millions digit of 11787349?
1
What is the millions digit of 7379912?
7
What is the hundred thousands digit of 668718?
6
What is the units digit of 28349465?
5
What is the hundreds digit of 26690698?
6
What is the hundred thousands digit of 919236?
9
What is the thousands digit of 22166065?
6
What is the thousands digit of 58500?
8
What is the ten thousands digit of 4615701?
1
What is the tens digit of 1687342?
4
What is the hundred thousands digit of 303450?
3
What is the hundreds digit of 474110?
1
What is the units digit of 270149?
9
What is the thousands digit of 1785200?
5
What is the hundred thousands digit of 1604113?
6
What is the hundreds digit of 363300?
3
What is the units digit of 248781?
1
What is the units digit of 228114?
4
What is the units digit of 839712?
2
What is the hundreds digit of 65133?
1
What is the millions digit of 3928664?
3
What is the hundreds digit of 91999?
9
What is the units digit of 226309?
9
What is the hundreds digit of 28746622?
6
What is the ten thousands digit of 1441362?
4
What is the units digit of 1044723?
3
What is the hundreds digit of 57923?
9
What is the ten millions digit of 23913823?
2
What is the millions digit of 10116714?
0
What is the tens digit of 27406218?
1
What is the ten thousands digit of 27934845?
3
What is the hundreds digit of 8395731?
7
What is the thousands digit of 10601769?
1
What is the thousands digit of 275209?
5
What is the thousands digit of 174825?
4
What is the units digit of 192685?
5
What is the tens digit of 512061?
6
What is the ten thousands digit of 3400404?
0
What is the hundreds digit of 2217770?
7
What is the hundreds digit of 326414?
4
What is the tens digit of 576248?
4
What is the hundreds digit of 6129027?
0
What is the tens digit of 788084?
8
What is the units digit of 813765?
5
What is the ten thousands digit of 2595127?
9
What is the units digit of 121208?
8
What is the millions digit of 6555686?
6
What is the ten thousands digit of 32754347?
5
What is the hundreds digit of 1773485?
4
What is the units digit of 959777?
7
What is the tens digit of 2111511?
1
What is the hundreds digit of 295660?
6
What is the millions